 Let n = t - 1. Is n a prime number?
False
Let u = 2 - 0. Suppose -54 = -m - 4*v, -2*m + 7*m + u*v = 180. Is m a prime number?
False
Suppose 0 = 2*j - 2*c - 6, 0 = j - 0*c - 5*c + 9. Suppose -104 = j*u - 2*u. Is (u/(-6))/(4/12) composite?
False
Let b(w) = -w**2 + 10*w + 6. Let c(l) = l**2 - 10*l - 7. Let n(z) = 6*b(z) + 5*c(z). Is n(9) a composite number?
True
Let k(n) = 370*n + 3. Is k(2) a composite number?
False
Suppose -5*x - 2*u - 3 = -10, -4*x = -2*u - 20. Suppose 6*b = x*b. Suppose -4*v - g - 4*g + 33 = 0, -4*v + 2*g - 2 = b. Is v composite?
False
Let t(c) = 2*c**3 - 2*c**2 - 3*c + 2. Let l be t(2). Suppose 5*g + 0*g - 3336 = -4*f, l*f + 4*g = 3340. Let a = f - 532. Is a a composite number?
False
Let v = -16 + 22. Suppose 0 = -0*d - 3*d + 3. Let o = v + d. Is o a composite number?
False
Let s = 43 - -279. Suppose -s = -0*t - 2*t. Is t composite?
True
Let t(w) = -w**3 + 14*w**2 + w - 13. Let z be t(14). Let x be (-3 + 0)/(z - 2). Suppose c - x*h = 170, 0 = -3*c - 5*h + 1 + 453. Is c a prime number?
False
Let r(k) = 744*k**2 + k + 2. Let p(l) = l**2 - 8*l + 6. Let f be p(7). Is r(f) prime?
False
Is (-19456)/(-20) + (-3)/(-15) a composite number?
True
Let y = 610 + 39. Is y composite?
True
Let f = 8 - -15. Let x = -60 + f. Let g = 74 + x. Is g a prime number?
True
Suppose -3*b + 5*s = -0*b - 831, 2*s = b - 276. Suppose 116 = 4*u - 2*u + 2*n, 5*u - 3*n = b. Is u a prime number?
False
Let u(a) = a**2 + 4 - 3*a**2 + 6*a**2 - 3 - 3*a**3. Is u(-4) a prime number?
True
Let p be 436/18 + (-6)/27. Let c = p - 10. Is c a prime number?
False
Let n(t) = t**2 - 3*t - 7. Let w be n(5). Suppose w*b - f - 324 = 304, -4*b + 859 = 3*f. Is b composite?
False
Let h(q) = 0*q - 2*q + 3 + q. Let y be h(3). Suppose y*f - f + 19 = 0. Is f composite?
False
Is 1/4*-3 + 9590/40 composite?
False
Let f = 1890 - 677. Is f prime?
True
Let w(l) = l**3 + l**2 - 1. Let a(x) = 30*x**3 - 4*x**2 + x + 3. Let f(p) = a(p) + 5*w(p). Let d be f(2). Let n = -121 + d. Is n a composite number?
False
Suppose -16 = -5*n - 56. Let z(u) = -u**3 - 7*u**2 + 9*u + 12. Let h be z(n). Suppose h*j = -12, -5*a = j - 0*j - 112. Is a composite?
False
Suppose -y = -v - 2, 5*v - 20 = -6*y + y. Suppose 5*h = -2*g + 2*h + 31, y*g + h - 43 = 0. Suppose x = -x + g. Is x a composite number?
False
Suppose 2*k - 2*g + 4 = 0, -3*k + 6 = -8*k + 3*g. Suppose k*m = 3*m. Suppose m = -5*t - 0 + 185. Is t composite?
False
Suppose -4*j + 17 - 1 = 0. Let h(q) = 3*q**3 - 2*q**2 - 1. Let z be h(j). Suppose 0 = -6*l + 3*l + z. Is l composite?
False
Let v(f) be the first derivative of 58*f**2 + 5*f + 4. Is v(4) a prime number?
False
Suppose -2*l = -5*u - 119, -l = -2*l - 3*u + 54. Is l composite?
True
Let d(p) be the first derivative of 47*p**3/3 + 3*p**2/2 - 3*p - 7. Is d(2) a prime number?
True
Suppose -i + 16 = 3*i. Suppose -i = -o, 0*x + 2*o - 17 = -x. Suppose 3*j - 5*s = 24, j + 5*s - 19 = x. Is j a composite number?
False
Suppose 3*v - 5*i - 8 = 0, -4*i + i - 8 = -v. Is (-2166)/(-10) + v/(-10) a composite number?
True
Let j = 0 - -4. Suppose 0*p + 332 = j*p. Is p a prime number?
True
Let q be 2 - (1/(-1) - 93). Let c be (q/(-5))/((-6)/45). Let u = c + -79. Is u a composite number?
True
Suppose a - 7 = 2*a. Let x = a + 42. Is x composite?
True
Let v(j) = 89*j**2 - 6*j + 9. Is v(2) a composite number?
False
Let d be (27/(-2))/(1/(-2)). Let r = 2 - -6. Let l = d - r. Is l a composite number?
False
Let j(p) = -17*p + 5. Let z be j(-6). Let g = z + -10. Is g composite?
False
Let k = 208 - 111. Is k prime?
True
Let i = 289 - 176. Is i prime?
True
Suppose -2*z - 3*z - 5*l = -265, 0 = 4*z - 2*l - 236. Is z a composite number?
True
Suppose 5*c + w = 4*w + 16, 0 = 2*w + 4. Suppose p - c*p + 121 = 0. Is p composite?
True
Suppose 3*i - 6*i + 3 = 3*v, 3*v - 15 = i. Let y(x) = 8*x + 1 - v + 1. Is y(2) composite?
True
Let x = 10 - 16. Let d(h) = 5 + 8*h + 12*h**2 + h**3 - 5*h**2 - 3*h. Is d(x) composite?
False
Let v be (-1)/(1/2*2). Is (-5 - -86) + (-2)/v a composite number?
False
Suppose k - 3*d - 4683 = d, 4*d + 14065 = 3*k. Is k composite?
False
Let x = -197 - -316. Is x a composite number?
True
Let s = 64 - 128. Let h = s + 198. Is h a prime number?
False
Let m = 7882 + -2381. Is m composite?
False
Let r be (-8)/(-16) - 1271/(-2). Suppose -3*k - k + r = 0. Is k prime?
False
Suppose -5*p + 780 = -805. Let y be (-2 + -2 - 2)*-31. Let j = p - y. Is j prime?
True
Suppose 2*l = b + 6, 4*l + 6*b = 4*b + 12. Suppose -3*r + 42 = u, l*u + 65 + 5 = 5*r. Is r a prime number?
False
Is (-3)/(((-18)/(-8916))/((-3)/6)) a composite number?
False
Let n = 0 - 3. Let o(j) = -36*j - 2. Is o(n) a prime number?
False
Suppose i = 2*j - 97, 4*j + 2*i = -i + 169. Is j a prime number?
False
Suppose -3*n + 0*n - 4*v + 10 = 0, 4*n = 2*v + 6. Suppose k = 5, -79 = -n*x + 3*k - 4*k. Is x a composite number?
False
Let l(d) = 3*d**2 + 3*d - 3. Is l(-6) composite?
True
Suppose v + u + 293 = 2*v, -4*v + 1172 = 5*u. Is v a composite number?
False
Let h be 6/4*6/3. Is 86 + h/(-6)*-2 composite?
True
Suppose -4*t + 3*i = -783, -3*t + 4*i = -184 - 398. Is (10/(-30))/((-2)/t) a prime number?
False
Let c = 414 + -160. Is (c/(-6))/((-1)/3) a composite number?
False
Suppose z + 4*y - 1199 = 0, -4*z = 4*y - 3441 - 1319. Is z prime?
True
Let d(i) = 2*i - 9. Let k be d(6). Let q be 299/2 + k/6. Let s = q - -53. Is s prime?
False
Let a(h) = h**2 - h. Let o be a(2). Let z be (-2346)/(-24) - o/(-8). Let p = -63 + z. Is p a composite number?
True
Let q = -26 - -44. Let p = q + -13. Is (-294)/(-5) + 1/p a prime number?
True
Let o(h) = -2004*h**3 + 4*h + 3. Is o(-1) a prime number?
True
Let w(l) = 3*l**2 + 5*l - 68. Let v(b) = -2*b**2 - 3*b + 34. Let j(s) = -5*v(s) - 3*w(s). Is j(0) a prime number?
False
Let c be (9/(-6))/((-6)/1352). Suppose 16 = 4*z, 0 = -2*l - 3*z - 0*z + c. Is l composite?
False
Suppose 168 = 3*b - 27. Is b a prime number?
False
Let b(z) = z**3 - 8*z**2 + 8*z - 7. Let t be b(6). Is (1 + -2)*t*1 a prime number?
True
Suppose 4*u + 0 - 16 = 0. Suppose -4*h + 384 = u*y, 43 + 205 = 3*y - 5*h. Is y a prime number?
False
Suppose -4 = 4*b - 2*s - 2*s, 0 = -4*b + 3*s - 3. Suppose 4*f + 3*r - 394 = b, 3*r + 2*r = -2*f + 204. Is f a composite number?
False
Suppose 3*v + 3*k - 177 = 0, -4*v = 3*k + 2*k - 236. Is v a composite number?
False
Let y = 1533 - 748. Is y a composite number?
True
Suppose 4*a = -242 - 50. Let p = -36 - a. Is p prime?
True
Let l = -101 - -12. Let h = 300 + l. Is h a composite number?
False
Suppose 0*x - 57 = -3*x. Let b(w) = w + 5 - x*w + 2*w. Is b(-9) prime?
True
Let x(w) = 27*w**2 - 2*w - 2. Let u be x(-2). Suppose 8 = 2*o, -5*a + u = -3*a - 2*o. Is a prime?
True
Let m = 170 - 330. Let f = 363 + m. Is f a composite number?
True
Suppose -6*s - 12 = -1110. Is s a composite number?
True
Let d be 4*(-6)/9*-3. Suppose -5*c = y + d, -4*c + 2 - 6 = 0. Let h(a) = a**3 + 5*a**2 - a - 2. Is h(y) a composite number?
False
Let g = 19 - 17. Suppose 2*j - 3*z = 90, g*z + 2*z = j - 35. Is j composite?
True
Let c(k) = 70*k**2 - k. Let v be (2 - 1)*3/(-3). Is c(v) prime?
True
Let z(l) = 5*l**2 - 2*l - 5. Is z(14) a composite number?
False
Let b(f) = f + 1. Let g(u) = u**3 + 2*u**2 + 3*u - 9. Let y(w) = 5*b(w) + g(w). Is y(5) composite?
False
Let d = 8 - 16. Let x = d + 11. Suppose -187 = -x*k + 2*k. Is k a prime number?
False
Suppose 0 = -2*c + 5*c - 498. Suppose h = 141 + c. Is h composite?
False
Let t = 0 + 0. Let k(p) = -p + 180. Let g be k(t). Suppose -g = -v - 4*v - 5*x, 3*x = 2*v - 77. Is v a prime number?
True
Suppose 4*z = -m - 499, -3*m - 2431 = 2*m + 4*z. Let v = -214 - m. Is v a composite number?
False
Let l = -5 - -8. Suppose -l*x - 5*g + g + 87 = 0, -2*x = -3*g - 75. Is x a composite number?
True
Let o be 6*(9/6 - -2). Suppose 2*h - o - 1 = 0. Suppose -44 = -g - h. Is g a composite number?
True
Suppose 6*v + 48 = 2*v. Let o = v - -59. Suppose -o = 5*f - 472. Is f a prime number?
False
Suppose -4*s + s = 4*r - 3145, -5*s = -r + 792. Is r prime?
True
Let d(v) = 123*v - 37. Is d(16) a prime number?
True
Suppose -3527 = -9*x + 8722. Is x composite?
False
Suppose 0 = -x + 16 + 3. Suppose 0 = 3*a - 11 - x. Is a composite?
True
Let o = 18 + -13. Suppose 608 = 3*f - q + 38, -o*f - 5*q + 970 = 0. Is f a prime number?
True
Let s(p) = p**3 - 5*p**2 